{"id":2395,"date":"2016-08-17T14:27:57","date_gmt":"2016-08-17T12:27:57","guid":{"rendered":"http:\/\/www.simonis.co.at\/wordpress\/?page_id=2395"},"modified":"2017-04-26T23:09:16","modified_gmt":"2017-04-26T21:09:16","slug":"arca-p695-glm","status":"publish","type":"page","link":"https:\/\/www.simonis.co.at\/wordpress\/der-fuhrpark\/arca-p695-glm\/","title":{"rendered":"ARCA P695 GLM"},"content":{"rendered":"<p>&nbsp;<\/p>\n<p>Marke: ARCA<br \/>\nErstzulassung:\u00a006\/2007<br \/>\nKauf: 06\/2016<br \/>\nMotor: FIAT 3,0 TD \/ 160PS<br \/>\nkm Stand: 46.600<br \/>\nL\u00e4nge: 6950 cm<br \/>\nBreite:\u00a02310 cm<br \/>\nH\u00f6he: 2900 cm<\/p>\n<p>AUSTATTUNG:\u00a0Heizung\/Warmwasser mit Thermostat, Markise, Alarmanlage, CD-Radio, Wechselrichter 1500W, automatische SAT, TV, Motorradtr\u00e4ger, Zentralverriegelung<\/p>\n<p>PLUS:\u00a0\u00a0viel\u00a0Stauraum in der Garage, wintersicher durch Doppelboden, Backofen, separate Dusche, doppelter Schwarzwassertank, mit einem Wort: sehr komfortabel<\/p>\n<p>&nbsp;<\/p>\n<figure id=\"attachment_2840\" aria-describedby=\"caption-attachment-2840\" style=\"width: 750px\" class=\"wp-caption alignnone\"><a href=\"https:\/\/www.simonis.co.at\/wordpress\/wp-content\/uploads\/DSCF1344.jpg\"><img loading=\"lazy\" decoding=\"async\" class=\"wp-image-2840 size-large\" src=\"https:\/\/www.simonis.co.at\/wordpress\/wp-content\/uploads\/DSCF1344-1024x576.jpg\" alt=\"dscf1344\" width=\"750\" height=\"422\" srcset=\"https:\/\/www.simonis.co.at\/wordpress\/wp-content\/uploads\/DSCF1344.jpg 1024w, https:\/\/www.simonis.co.at\/wordpress\/wp-content\/uploads\/DSCF1344-300x169.jpg 300w, https:\/\/www.simonis.co.at\/wordpress\/wp-content\/uploads\/DSCF1344-768x432.jpg 768w\" sizes=\"auto, (max-width: 750px) 100vw, 750px\" \/><\/a><figcaption id=\"caption-attachment-2840\" class=\"wp-caption-text\">Sitzecke mit drehbaren Pilotsitzen<\/figcaption><\/figure>\n<figure id=\"attachment_2843\" aria-describedby=\"caption-attachment-2843\" style=\"width: 577px\" class=\"wp-caption alignnone\"><a href=\"https:\/\/www.simonis.co.at\/wordpress\/wp-content\/uploads\/DSCF1350.jpg\"><img loading=\"lazy\" decoding=\"async\" class=\"wp-image-2843 size-large\" src=\"https:\/\/www.simonis.co.at\/wordpress\/wp-content\/uploads\/DSCF1350-577x1024.jpg\" alt=\"dscf1350\" width=\"577\" height=\"1024\" srcset=\"https:\/\/www.simonis.co.at\/wordpress\/wp-content\/uploads\/DSCF1350.jpg 577w, https:\/\/www.simonis.co.at\/wordpress\/wp-content\/uploads\/DSCF1350-169x300.jpg 169w\" sizes=\"auto, (max-width: 577px) 100vw, 577px\" \/><\/a><figcaption id=\"caption-attachment-2843\" class=\"wp-caption-text\">4-flammiger Gasherd mit Backrohr, Grill und Dunstabzug; K\u00fchlschrank mit separatem Gefrierfach<\/figcaption><\/figure>\n<figure id=\"attachment_2845\" aria-describedby=\"caption-attachment-2845\" style=\"width: 750px\" class=\"wp-caption alignnone\"><a href=\"https:\/\/www.simonis.co.at\/wordpress\/wp-content\/uploads\/DSCF1353.jpg\"><img loading=\"lazy\" decoding=\"async\" class=\"wp-image-2845 size-large\" src=\"https:\/\/www.simonis.co.at\/wordpress\/wp-content\/uploads\/DSCF1353-1024x577.jpg\" alt=\"dscf1353\" width=\"750\" height=\"423\" srcset=\"https:\/\/www.simonis.co.at\/wordpress\/wp-content\/uploads\/DSCF1353.jpg 1024w, https:\/\/www.simonis.co.at\/wordpress\/wp-content\/uploads\/DSCF1353-300x169.jpg 300w, https:\/\/www.simonis.co.at\/wordpress\/wp-content\/uploads\/DSCF1353-768x433.jpg 768w\" sizes=\"auto, (max-width: 750px) 100vw, 750px\" \/><\/a><figcaption id=\"caption-attachment-2845\" class=\"wp-caption-text\">Komfortables Badezimmer mit separater Dusche<\/figcaption><\/figure>\n<figure id=\"attachment_2848\" aria-describedby=\"caption-attachment-2848\" style=\"width: 750px\" class=\"wp-caption alignnone\"><a href=\"https:\/\/www.simonis.co.at\/wordpress\/wp-content\/uploads\/DSCF1362-1.jpg\"><img loading=\"lazy\" decoding=\"async\" class=\"wp-image-2848 size-large\" src=\"https:\/\/www.simonis.co.at\/wordpress\/wp-content\/uploads\/DSCF1362-1-1024x576.jpg\" alt=\"dscf1362\" width=\"750\" height=\"422\" srcset=\"https:\/\/www.simonis.co.at\/wordpress\/wp-content\/uploads\/DSCF1362-1.jpg 1024w, https:\/\/www.simonis.co.at\/wordpress\/wp-content\/uploads\/DSCF1362-1-300x169.jpg 300w, https:\/\/www.simonis.co.at\/wordpress\/wp-content\/uploads\/DSCF1362-1-768x432.jpg 768w\" sizes=\"auto, (max-width: 750px) 100vw, 750px\" \/><\/a><figcaption id=\"caption-attachment-2848\" class=\"wp-caption-text\">L-K\u00fcche mit gen\u00fcgend Platz und Stauraum<\/figcaption><\/figure>\n<figure id=\"attachment_2850\" aria-describedby=\"caption-attachment-2850\" style=\"width: 750px\" class=\"wp-caption alignnone\"><a href=\"https:\/\/www.simonis.co.at\/wordpress\/wp-content\/uploads\/DSCF1365.jpg\"><img loading=\"lazy\" decoding=\"async\" class=\"wp-image-2850 size-large\" src=\"https:\/\/www.simonis.co.at\/wordpress\/wp-content\/uploads\/DSCF1365-1024x577.jpg\" alt=\"dscf1365\" width=\"750\" height=\"423\" srcset=\"https:\/\/www.simonis.co.at\/wordpress\/wp-content\/uploads\/DSCF1365.jpg 1024w, https:\/\/www.simonis.co.at\/wordpress\/wp-content\/uploads\/DSCF1365-300x169.jpg 300w, https:\/\/www.simonis.co.at\/wordpress\/wp-content\/uploads\/DSCF1365-768x433.jpg 768w\" sizes=\"auto, (max-width: 750px) 100vw, 750px\" \/><\/a><figcaption id=\"caption-attachment-2850\" class=\"wp-caption-text\">Querbett \u00fcber der Garage mit der &#8222;Schie\u00dfscharte&#8220; &#8211; so nennen wir das schmale Fenster<\/figcaption><\/figure>\n<figure id=\"attachment_2851\" aria-describedby=\"caption-attachment-2851\" style=\"width: 750px\" class=\"wp-caption alignnone\"><a href=\"https:\/\/www.simonis.co.at\/wordpress\/wp-content\/uploads\/DSCF1366.jpg\"><img loading=\"lazy\" decoding=\"async\" class=\"wp-image-2851 size-large\" src=\"https:\/\/www.simonis.co.at\/wordpress\/wp-content\/uploads\/DSCF1366-1024x576.jpg\" alt=\"dscf1366\" width=\"750\" height=\"422\" srcset=\"https:\/\/www.simonis.co.at\/wordpress\/wp-content\/uploads\/DSCF1366.jpg 1024w, https:\/\/www.simonis.co.at\/wordpress\/wp-content\/uploads\/DSCF1366-300x169.jpg 300w, https:\/\/www.simonis.co.at\/wordpress\/wp-content\/uploads\/DSCF1366-768x432.jpg 768w\" sizes=\"auto, (max-width: 750px) 100vw, 750px\" \/><\/a><figcaption id=\"caption-attachment-2851\" class=\"wp-caption-text\">Links, die Badezimmert\u00fcr<\/figcaption><\/figure>\n<p>Wir waren mit unserem EuraMobil sehr zufrieden. Uns gefielen die hellen M\u00f6bel und die ideale Raumaufteilung. Allerdings gab es drei Schwachstellen: Der Motor schnurrte zwar tadellos, allerdings beim Bergauffahren machten sich die wenigen Pferdchen sehr bemerkbar. Das Bett im Alkoven war breit und bequem, allerdings erlaubte es sehr wenig Kopffreiheit. F\u00fcr sein Alter war unser Schnecki tadellos in Schuss, allerdings w\u00fcnschten wir uns, selbst in die Jahre gekommen, ein bisschen mehr Komfort.<\/p>\n<p>So begann ich vor 1,5 Jahre damit im Internet Ausschau \u00a0zu halten, im Herbst besuchten wir die Caravan Messe in Wels und informierten uns \u00fcber die neuesten Entwicklungen und Modelle. Regelm\u00e4\u00dfig stellten wir fest, mit unserem Schnecki hatten wir wirklich Gl\u00fcck! Keines der angebotenen Modelle fand unsere 100%ige Zustimmung, denn was wir wollten, war &#8230; eine Eierlegende Wollmilchsau. Hier die Wunschliste:<\/p>\n<ul>\n<li>Nicht zu alt und nicht zu jung<\/li>\n<li>FIAT Motor mit mindestens 130 PS<\/li>\n<li>Nicht l\u00e4nger als 7 Meter<\/li>\n<li>Kein Alkoven sondern\u00a0Querbett hinten &#8211; mindestens 140cm breit &#8211; zwecks\u00a0Aerodynamik und n\u00e4chtlicher Bequemlichkeit<\/li>\n<li>Garage darunter &#8211; mindestens 115cm hoch<\/li>\n<li>2 Garagent\u00fcren rechts und links f\u00fcr einen ungeschr\u00e4nkten Zugang &#8211; mindesten 110cm hoch, damit das Moped gut hineinpasst<\/li>\n<li>Motorradschiene in der Garage<\/li>\n<li>Doppelboden und wintersicher<\/li>\n<li>Drehbare Pilotensitze<\/li>\n<li>Schr\u00e4nke oberhalb der Fahrerkabine (anstatt offener Regale)<\/li>\n<li>Teppichboden<\/li>\n<li>L-f\u00f6rmige Sitzecke &#8211; als Bett zu verwenden<\/li>\n<li>Klapptisch &#8211; nicht an der Wand montiert und h\u00f6henverstellbar<\/li>\n<li>L-K\u00fcche<\/li>\n<li>Herd mit Backrohr und Dunstabzugshaube<\/li>\n<li>Bad mit separater Dusche<\/li>\n<\/ul>\n<p>Und pl\u00f6tzlich hatten wir es gefunden, das IDEALE Wohnmobil f\u00fcr uns zwei, im Speckg\u00fcrtel von Turin (Italien) nahe der franz\u00f6sischen Grenze. Wir sagten unserem geliebten Schnecki Adieu und innerhalb von vier Tagen war alles erledigt, altes Wohnmobil verkauft, Reise nach Italien, Probefahren, \u00dcberlegen, Kaufvertrag, \u00dcberweisung und mit unserer Neuerwerbung zur\u00fcck nach \u00d6sterreich.<\/p>\n<p>Hier begann der Krieg mit den Beh\u00f6rden, der sich \u00fcber 2 Monate hinzog und uns nicht nur Nerven, sondern auch eine gewaltige Stange Geld kostete, denn importiert man ein Personenkraftfahrzeug (und dazu z\u00e4hlen auch die Wohnmobile) nach \u00d6sterreich, so muss man \u00e4hnlich wie im Mittelalter einen Wegzoll in Form der NOVA berappen und das ist keine Kleinigkeit sondern bewegt sich im h\u00f6heren f\u00fcnfstelligen Eurobereich, die H\u00e4lfte eines neuen\u00a0Kleinwagens.<\/p>\n<p>Als wir unser Schnecki kauften, holten wir das Wohnmobil vom H\u00e4ndler, beluden es und am \u00fcbern\u00e4chsten Tag waren wir schon auf Achse Richtung S\u00fcdfrankreich. Hier ist es anders, wir m\u00fcssen uns in Geduld \u00fcben und so haben wir Mu\u00dfe den Neuen mit wichtigen praktischen Kleinigkeiten auszur\u00fcsten, die wir im Schnecki sch\u00e4tzen gelernt hatten: Garderobe-Haken beim Eingang, Moskitovorhang f\u00fcr die Aufbaut\u00fcre, ein Funkthermometer mit Uhr beim Bett, Zwischenbretter f\u00fcr die H\u00e4ngeschr\u00e4nke, Alarmanlage, Inverter, \u00f6sterreichische Steckdosen anstatt der italienischen, usw.<\/p>\n<p>Je mehr wir basteln umso mehr Freude haben wir an unserem neuen Familienmitglied und wie die Kinder auf Weihnachten, so freuen wir uns darauf, wenn es dann endlich losgeht!<\/p>\n<p>&nbsp;<\/p>\n<p>&nbsp;<\/p>\n","protected":false},"excerpt":{"rendered":"<p><a class=\"read-more\" href=\"https:\/\/www.simonis.co.at\/wordpress\/der-fuhrpark\/arca-p695-glm\/\">Read more<\/a><\/p>\n","protected":false},"author":1,"featured_media":2439,"parent":2340,"menu_order":0,"comment_status":"closed","ping_status":"closed","template":"","meta":{"footnotes":""},"class_list":["post-2395","page","type-page","status-publish","has-post-thumbnail","hentry"],"_links":{"self":[{"href":"https:\/\/www.simonis.co.at\/wordpress\/wp-json\/wp\/v2\/pages\/2395","targetHints":{"allow":["GET"]}}],"collection":[{"href":"https:\/\/www.simonis.co.at\/wordpress\/wp-json\/wp\/v2\/pages"}],"about":[{"href":"https:\/\/www.simonis.co.at\/wordpress\/wp-json\/wp\/v2\/types\/page"}],"author":[{"embeddable":true,"href":"https:\/\/www.simonis.co.at\/wordpress\/wp-json\/wp\/v2\/users\/1"}],"replies":[{"embeddable":true,"href":"https:\/\/www.simonis.co.at\/wordpress\/wp-json\/wp\/v2\/comments?post=2395"}],"version-history":[{"count":11,"href":"https:\/\/www.simonis.co.at\/wordpress\/wp-json\/wp\/v2\/pages\/2395\/revisions"}],"predecessor-version":[{"id":2855,"href":"https:\/\/www.simonis.co.at\/wordpress\/wp-json\/wp\/v2\/pages\/2395\/revisions\/2855"}],"up":[{"embeddable":true,"href":"https:\/\/www.simonis.co.at\/wordpress\/wp-json\/wp\/v2\/pages\/2340"}],"wp:featuredmedia":[{"embeddable":true,"href":"https:\/\/www.simonis.co.at\/wordpress\/wp-json\/wp\/v2\/media\/2439"}],"wp:attachment":[{"href":"https:\/\/www.simonis.co.at\/wordpress\/wp-json\/wp\/v2\/media?parent=2395"}],"curies":[{"name":"wp","href":"https:\/\/api.w.org\/{rel}","templated":true}]}}