{"id":2343,"date":"2015-09-21T17:37:15","date_gmt":"2015-09-21T15:37:15","guid":{"rendered":"http:\/\/www.simonis.co.at\/wordpress\/?page_id=2343"},"modified":"2017-04-26T23:08:51","modified_gmt":"2017-04-26T21:08:51","slug":"euramobil","status":"publish","type":"page","link":"https:\/\/www.simonis.co.at\/wordpress\/der-fuhrpark\/euramobil\/","title":{"rendered":"EuraMobil Sport"},"content":{"rendered":"<p>Marke:\u00a0Eura Mobil<br \/>\nErstzulassung:\u00a005\/1999<br \/>\nKauf: 09\/2013<br \/>\nMotor: FIAT 1,9 TD \/ 90PS<br \/>\nkm Stand: 127.000<br \/>\nL\u00e4nge:\u00a05430 cm<br \/>\nBreite:\u00a02300 cm<br \/>\nH\u00f6he:\u00a03080 cm<\/p>\n<p>AUSTATTUNG:\u00a0Heizung\/Warmwasser mit Thermostat, Markise, Sicherheitsb\u00fcgel, Diebstahlsicherung, R\u00fcckfahrkamera, CD-Radio, Wechselrichter 1000W, SAT, 3-fach Fahrradtr\u00e4ger, Motorradtr\u00e4ger<\/p>\n<p>PLUS:\u00a0\u00a0viel\u00a0Stauraum im Wohnraum und im Doppelboden,\u00a0Alkovenbett (160&#215;210), viel Abstellfl\u00e4che &#8211; was das Kochen sehr erleichtert<\/p>\n<figure id=\"attachment_2349\" aria-describedby=\"caption-attachment-2349\" style=\"width: 280px\" class=\"wp-caption alignnone\"><a href=\"https:\/\/www.simonis.co.at\/wordpress\/wp-content\/uploads\/Euramobil_grundriss.png\"><img loading=\"lazy\" decoding=\"async\" class=\"size-full wp-image-2349\" src=\"https:\/\/www.simonis.co.at\/wordpress\/wp-content\/uploads\/Euramobil_grundriss.png\" alt=\"Der Grundriss\" width=\"280\" height=\"135\" \/><\/a><figcaption id=\"caption-attachment-2349\" class=\"wp-caption-text\">Der Grundriss<\/figcaption><\/figure>\n<p>Ich hatte mich beim ersten Blick in unser Womo verliebt und die Entscheidung fiel schnell. Der Kaufvertrag war unterschrieben und f\u00fcnf Tage sp\u00e4ter ging es schon nach S\u00fcdfrankreich.<\/p>\n<p>Das Wohnmobil hat f\u00fcr unsere Bed\u00fcrfnisse den idealen Grundriss und ein angenehmes Badezimmer (welches t\u00e4glich eifrig ben\u00fctzt wird).\u00a0Trotz seines fortgeschrittenen Alters ist\u00a0 die M\u00f6blierung keineswegs antiquiert und das Design der\u00a0Wohnk\u00fcche sehr ansprechend. Das Schlafzimmer ist zwar nicht sehr &#8222;kopffrei&#8220;, daf\u00fcr aber\u00a0mit 160 cm Breite sehr bequem.<\/p>\n<p>Die Bequemlichkeit der\u00a0anderen &#8222;Goodies&#8220; lernten wir erst sp\u00e4ter zu sch\u00e4tzen: Den Wechselrichter ben\u00fctzen wir mittlerweile sehr h\u00e4ufig. So laden wir w\u00e4hrend der Fahrt damit unsere Tablets, Handies, Kamera Akkus problemlos und viel schneller als mit dem 12 Volt Anschluss.\u00a0Bei der Mittagsrast fabriziere ich in Windeseile\u00a0einen Espresso mit unserer Mini-Kaffeemaschine und auf Stellpl\u00e4tzen ohne Stromanschluss\u00a0leistet er auch brav seine Dienste.\u00a0Und nat\u00fcrlich sind\u00a0wir jetzt \u00fcber den Motorradtr\u00e4ger sehr gl\u00fccklich!<\/p>\n<figure id=\"attachment_706\" aria-describedby=\"caption-attachment-706\" style=\"width: 300px\" class=\"wp-caption alignnone\"><a href=\"https:\/\/www.simonis.co.at\/wordpress\/wp-content\/uploads\/DSCF5131.jpg\"><img loading=\"lazy\" decoding=\"async\" class=\"wp-image-706 size-medium\" src=\"https:\/\/www.simonis.co.at\/wordpress\/wp-content\/uploads\/DSCF5131-300x168.jpg\" alt=\"DSCF5131\" width=\"300\" height=\"168\" srcset=\"https:\/\/www.simonis.co.at\/wordpress\/wp-content\/uploads\/DSCF5131-300x168.jpg 300w, https:\/\/www.simonis.co.at\/wordpress\/wp-content\/uploads\/DSCF5131.jpg 1024w\" sizes=\"auto, (max-width: 300px) 100vw, 300px\" \/><\/a><figcaption id=\"caption-attachment-706\" class=\"wp-caption-text\">Das Badezimmer von oben<\/figcaption><\/figure>\n<figure id=\"attachment_424\" aria-describedby=\"caption-attachment-424\" style=\"width: 168px\" class=\"wp-caption alignnone\"><a href=\"https:\/\/www.simonis.co.at\/wordpress\/wp-content\/uploads\/DSCF5129.jpg\"><img loading=\"lazy\" decoding=\"async\" class=\"wp-image-424 size-medium\" src=\"https:\/\/www.simonis.co.at\/wordpress\/wp-content\/uploads\/DSCF5129-168x300.jpg\" alt=\"DSCF5129\" width=\"168\" height=\"300\" srcset=\"https:\/\/www.simonis.co.at\/wordpress\/wp-content\/uploads\/DSCF5129-168x300.jpg 168w, https:\/\/www.simonis.co.at\/wordpress\/wp-content\/uploads\/DSCF5129.jpg 576w\" sizes=\"auto, (max-width: 168px) 100vw, 168px\" \/><\/a><figcaption id=\"caption-attachment-424\" class=\"wp-caption-text\">Das Badezimmer in der Frontale<\/figcaption><\/figure>\n<figure id=\"attachment_740\" aria-describedby=\"caption-attachment-740\" style=\"width: 300px\" class=\"wp-caption alignnone\"><a href=\"https:\/\/www.simonis.co.at\/wordpress\/wp-content\/uploads\/DSCF4647.jpg\"><img loading=\"lazy\" decoding=\"async\" class=\"wp-image-740 size-medium\" src=\"https:\/\/www.simonis.co.at\/wordpress\/wp-content\/uploads\/DSCF4647-300x169.jpg\" alt=\"Der Wohnraum\" width=\"300\" height=\"169\" srcset=\"https:\/\/www.simonis.co.at\/wordpress\/wp-content\/uploads\/DSCF4647-300x169.jpg 300w, https:\/\/www.simonis.co.at\/wordpress\/wp-content\/uploads\/DSCF4647.jpg 1024w\" sizes=\"auto, (max-width: 300px) 100vw, 300px\" \/><\/a><figcaption id=\"caption-attachment-740\" class=\"wp-caption-text\">Die Wohnk\u00fcche mit viel Ablagefl\u00e4che und Stauraum<\/figcaption><\/figure>\n<figure id=\"attachment_417\" aria-describedby=\"caption-attachment-417\" style=\"width: 300px\" class=\"wp-caption alignnone\"><a href=\"https:\/\/www.simonis.co.at\/wordpress\/wp-content\/uploads\/DSCF4644.jpg\"><img loading=\"lazy\" decoding=\"async\" class=\"wp-image-417 size-medium\" src=\"https:\/\/www.simonis.co.at\/wordpress\/wp-content\/uploads\/DSCF4644-300x169.jpg\" alt=\"Das Schlafzimmer\" width=\"300\" height=\"169\" srcset=\"https:\/\/www.simonis.co.at\/wordpress\/wp-content\/uploads\/DSCF4644-300x169.jpg 300w, https:\/\/www.simonis.co.at\/wordpress\/wp-content\/uploads\/DSCF4644.jpg 1024w\" sizes=\"auto, (max-width: 300px) 100vw, 300px\" \/><\/a><figcaption id=\"caption-attachment-417\" class=\"wp-caption-text\">Das Schlafzimmer<\/figcaption><\/figure>\n<p>Seit Juni 2016 wohnt unser Schnecki nun in Tirol und bereitet seiner neuen Besitzerin hoffentlich genauso viel Freude wie uns.<\/p>\n","protected":false},"excerpt":{"rendered":"<p><a class=\"read-more\" href=\"https:\/\/www.simonis.co.at\/wordpress\/der-fuhrpark\/euramobil\/\">Read more<\/a><\/p>\n","protected":false},"author":1,"featured_media":190,"parent":2340,"menu_order":0,"comment_status":"closed","ping_status":"closed","template":"","meta":{"footnotes":""},"class_list":["post-2343","page","type-page","status-publish","has-post-thumbnail","hentry"],"_links":{"self":[{"href":"https:\/\/www.simonis.co.at\/wordpress\/wp-json\/wp\/v2\/pages\/2343","targetHints":{"allow":["GET"]}}],"collection":[{"href":"https:\/\/www.simonis.co.at\/wordpress\/wp-json\/wp\/v2\/pages"}],"about":[{"href":"https:\/\/www.simonis.co.at\/wordpress\/wp-json\/wp\/v2\/types\/page"}],"author":[{"embeddable":true,"href":"https:\/\/www.simonis.co.at\/wordpress\/wp-json\/wp\/v2\/users\/1"}],"replies":[{"embeddable":true,"href":"https:\/\/www.simonis.co.at\/wordpress\/wp-json\/wp\/v2\/comments?post=2343"}],"version-history":[{"count":11,"href":"https:\/\/www.simonis.co.at\/wordpress\/wp-json\/wp\/v2\/pages\/2343\/revisions"}],"predecessor-version":[{"id":3234,"href":"https:\/\/www.simonis.co.at\/wordpress\/wp-json\/wp\/v2\/pages\/2343\/revisions\/3234"}],"up":[{"embeddable":true,"href":"https:\/\/www.simonis.co.at\/wordpress\/wp-json\/wp\/v2\/pages\/2340"}],"wp:featuredmedia":[{"embeddable":true,"href":"https:\/\/www.simonis.co.at\/wordpress\/wp-json\/wp\/v2\/media\/190"}],"wp:attachment":[{"href":"https:\/\/www.simonis.co.at\/wordpress\/wp-json\/wp\/v2\/media?parent=2343"}],"curies":[{"name":"wp","href":"https:\/\/api.w.org\/{rel}","templated":true}]}}